 What is the highest common divisor of b and i?
6
Suppose 2*u + 32*z = 28*z + 68, -3*u + 4*z + 72 = 0. What is the greatest common factor of u and 42?
14
Suppose 3*x + 25 = 2*f, 4*f + 3*x + x = 0. Suppose -2*q - 39 = -f*q. Calculate the highest common factor of q and 26.
13
Let m = -169 - -176. What is the greatest common factor of 119 and m?
7
Suppose -x + 292 = 280. Calculate the highest common divisor of x and 486.
6
Let z = 27 - 30. Let s(y) = 7*y**2 + 5*y + 6. Let m be s(z). What is the greatest common factor of m and 6?
6
Suppose -52 = -2*v - 34. Let j(g) = -g**2 + 8*g - 7. Let q be j(6). Suppose q*u = -v - 16, 5*p - 95 = 3*u. Calculate the highest common divisor of p and 4.
4
Let j(u) = 32*u**3 - 2*u + 2. Let r(c) = c**3 - 10*c**2 + 15*c + 9. Let z be r(8). Let n be j(z). What is the greatest common factor of n and 16?
16
Suppose -z + 47 = 5*r - 0*r, -2*z - 2*r + 78 = 0. Suppose 0 = -2*d, -z = -5*y + 2*d - 2. Calculate the highest common divisor of y and 28.
7
Let j be (-1)/(63/15 + -4). Let o = 2 - j. What is the highest common factor of 56 and o?
7
Let l be 3/(-108)*-6 - 23/(-6). Let p(n) = -n**3 + 8*n**2 - 6*n - 8. Let h be p(4). Calculate the greatest common factor of h and l.
4
Suppose -4*b + 97 = u, -61*b + 2*u = -59*b - 56. What is the highest common divisor of 45 and b?
5
Suppose 14*u = 4*u + 20. Suppose 4*l - 190 = -5*c, -c + u*l - 158 = -5*c. Calculate the greatest common factor of 70 and c.
14
Let f(p) = 4*p + 8. Let d be f(-4). Let k(h) = -h - 2. Let x be k(d). Let n be 386/6 + (-2)/x. What is the greatest common divisor of 8 and n?
8
Let q be -6*(-1)/(12/8). Suppose 0 = -4*y - q*z + 28, -2*y + 7*y - 56 = 2*z. Let l be -8 + y - 2/2. What is the highest common divisor of l and 9?
1
Let w be -3 + 7 + (-2 - -16). Suppose -5*u = -10*u + 10. Calculate the highest common divisor of w and u.
2
Let o = 320 + -159. Suppose -9*n = -3*n - 138. What is the highest common divisor of o and n?
23
Suppose -11*z + 184 = -113. What is the highest common divisor of z and 45?
9
Suppose -1 = -2*n - 131. Let p be n/(-3) - (-10)/(-15). Calculate the greatest common divisor of p and 105.
21
Suppose -3*i + 4*q + 1045 = 13, -2*i + 5*q + 695 = 0. What is the highest common divisor of 40 and i?
20
Suppose 5*c = t + 495, 5*c - 435 = 5*t + 40. Let j(a) = 5*a - 5. Let s be j(5). What is the highest common divisor of c and s?
20
Suppose 2 - 11 = -3*a. Suppose 0 = -5*i - 3*m - 106, -2*i - 37 = -0*i + a*m. Let d = i - -31. Calculate the highest common divisor of d and 4.
4
Let z be ((-14)/(-8))/(5 + (-76)/16). Suppose z*y = 50 + 34. Calculate the greatest common factor of y and 36.
12
Let u be (216 - 0)/(-7 - (4 + -12)). What is the greatest common factor of 16 and u?
8
Let b = 457 - 437. Calculate the greatest common factor of b and 590.
10
Let d(p) = -5*p**2 - 6*p + 42. Let h be d(7). Let n be 1/(2/(-11) + h/(-924)). Calculate the highest common divisor of n and 12.
12
Let k be (14 + -1)*(-4 - 3)/(-7). Calculate the greatest common factor of k and 208.
13
Let l = 3 - -2. Suppose l*h - 3 = 7. Suppose -h*j - 70 = -4*j. Calculate the greatest common divisor of j and 7.
7
Let z(t) = 4*t**2 - 9*t + 7. Let n be z(7). Calculate the highest common divisor of 35 and n.
35
Let q(d) = -12*d + 134. Let b be q(11). Calculate the greatest common factor of 8 and b.
2
Let f be (213/(-6))/(4 + 36/(-8)). Let i = 119 - f. What is the greatest common factor of 32 and i?
16
Let y = -1492 + 1498. Let x be (2 + 1)/(9/12). Suppose 0 = -x*h - 11 + 83. Calculate the greatest common factor of h and y.
6
Suppose 0 = -4*m - 13 - 67. Let s(n) = -4*n - 20. Let y be s(m). Calculate the greatest common factor of 15 and y.
15
Suppose -2*s + 760 = -0*s. Calculate the greatest common divisor of s and 57.
19
Suppose 3*a + 22 = 4*a. Suppose 3*p = -v + 101 + 6, 4*v - 437 = -3*p. What is the greatest common divisor of v and a?
22
Let n(k) = -k**3 - 3*k**2 - k. Let m be n(-3). Suppose -q - 2*b = b - 63, 5*q + m*b = 315. Let p = 854 - 847. Calculate the highest common divisor of q and p.
7
Suppose -5*b - 20 = -15*b. Suppose -2*m - 2*k + 3 + 17 = 0, -k = -b*m + 20. What is the greatest common divisor of 130 and m?
10
Let v be (1/(-2))/((-4)/8 - 0). Let p be v + 1 - (-3 - -4). Calculate the greatest common factor of 6 and p.
1
Let l(s) = 17*s - 166. Let r be l(35). Calculate the highest common factor of r and 117.
39
Let c(k) = 2*k - 10. Let q be c(7). Suppose 5*d = q*u - 39, 5*d + 35 + 24 = -u. Let g = d - -12. What is the greatest common factor of 7 and g?
1
Let h(s) = -s**2 - 5*s - 3. Let a be h(-3). Suppose a*f = 28 - 10. Suppose -f = -2*w + 6. What is the highest common divisor of w and 48?
6
Let p = 1108 + -520. Calculate the greatest common factor of p and 28.
28
Let c be (48/10)/(-5 - (-412)/80). Let f be (48/c)/(6/4). Let h = -6 + 7. Calculate the highest common factor of f and h.
1
Suppose x = -3*z - z + 2, 2*x + 5*z - 7 = 0. Calculate the greatest common divisor of x and 102.
6
Let w(q) = -q**3 + 15*q**2 - 13*q - 5. Let a be w(14). Suppose 7 - 2 = -z. Let x = a - z. What is the greatest common divisor of 14 and x?
14
Let y = -905 + 911. Calculate the highest common divisor of 174 and y.
6
Let u(x) = -x**2 + 6*x - 3. Let v be 3 + -1 + (-1 - -4). Let l be u(v). Let b be 26 - (4 + -1 - l). What is the greatest common factor of b and 5?
5
Suppose -6 = -2*q - 0. Suppose q*b + 4*t - 29 = 0, -b + 2*b + 3 = 5*t. What is the highest common divisor of 77 and b?
7
Let u be -2 + (1 - -34) + 9. What is the highest common divisor of 4 and u?
2
Let b(a) = -2*a**3 + 5*a**2 + 3*a - 8. Let n be b(-4). What is the greatest common factor of 141 and n?
47
Let d = 6 + -4. Suppose d*u + 39 = 4*u - h, 0 = 5*u + h - 115. Suppose -10*t = -63 + 43. Calculate the greatest common divisor of u and t.
2
Suppose -5*d + 4*b + 346 = 0, -3*d - 3*b = -57 - 129. Calculate the highest common factor of d and 77.
11
Let r = 5 + 23. Let h = -14 + r. Let i = -3 + h. Calculate the greatest common factor of i and 11.
11
Let z be 16*20*2/5. Let m(h) = h**3 + h**2 - 3*h + 2. Let b be m(2). Calculate the greatest common factor of z and b.
8
Suppose 2*h + 0*v - 12 = 2*v, 2*h = -2*v + 16. Let r be (-2)/h + 1212/28. Let y = r + -26. Calculate the greatest common factor of y and 119.
17
Let h = -1084 + 1245. What is the greatest common divisor of h and 7?
7
Let z(b) = -b**3 + 5*b**2 - 4. Let t be z(4). Let l be 1*-2 - (6 - t). Let m be (l/5)/(1/40). Calculate the greatest common factor of 8 and m.
8
Suppose j - 6 = 2. Suppose j*h - 7*h - 12 = 0. Suppose -3*n + 4*r = -64, -4*r - h = -n + 12. What is the highest common divisor of 10 and n?
10
Let m(w) = -9*w + 101. Let n be m(11). What is the highest common divisor of n and 8?
2
Suppose -5*a - 5*p = -75, 3*a - 56 = -4*p - 7. Suppose a*q = 8*q + 348. What is the greatest common divisor of 29 and q?
29
Let k = -108 - -136. Suppose -14 = -6*b + k. Let s be 7/5 - 4/10. What is the greatest common divisor of b and s?
1
Suppose -7*n + 4*n + 6 = 0. Suppose 0 = -4*b - g + 489 + 183, -504 = -3*b - n*g. Let d = -12 + 33. Calculate the highest common factor of d and b.
21
Let g = -2458 - -3746. Calculate the greatest common factor of 56 and g.
56
Suppose -4*f = -r + 13, 0 = r - 0*r - 5*f - 14. Suppose 105 = -r*t + 10*t. Calculate the greatest common factor of t and 7.
7
Let n = -11 - -14. Suppose -n = -0*j + j. Let q be j/(-4) - (-126)/24. Calculate the highest common divisor of 6 and q.
6
Let t(d) = -d**3 + 7*d**2 - 4*d. Let x be ((-36)/(-42))/(45/21 - 2). Let z be t(x). What is the highest common factor of 24 and z?
12
Let o(p) = -6*p - 110. Let l be o(-22). What is the greatest common factor of 121 and l?
11
Let z = -160 - -172. What is the highest common divisor of z and 192?
12
Let b = 164 + -59. Suppose 5 = -2*w + 75. Suppose 0 = -2*k + 3*l + w - 5, 2*k + 2*l = 30. What is the highest common divisor of k and b?
15
Let w(o) = -o**2 - 4*o. Let b be w(-3). Suppose -4*q - 37 - 7 = -2*d, -5*q + 5 = 0. What is the highest common factor of d and b?
3
Let m(t) = -t**3 + 26*t**2 - 103*t - 12. Let j be m(21). Calculate the greatest common factor of 95 and j.
5
Let h(f) = -f**3 + 8*f**2 + 9*f + 2. Let a be h(9). Suppose a = i - 4*c, 3*i = 2*c - 3 - 1. Let n = i - -17. What is the greatest common facto